 3*y, y = -w*k + 15. What are the prime factors of k?
2
Let x = -142 - -130. What are the prime factors of (1410/18)/((-2)/x)?
2, 5, 47
Let x be ((-4)/(-6))/(-3 + (-145)/(-45)). Suppose 0*j - x = -j. Suppose -h - 3*c = -102, j*h - 4*c - 273 = -2*c. List the prime factors of h.
3, 31
Let o be (-4)/6 - (-620)/30. What are the prime factors of (2 - 1232/6)/(o/(-30))?
5, 61
Let g be -6*4/6*-51. Let w(q) = 2*q**2 + g + 3*q + 3*q**2 - 195. What are the prime factors of w(-3)?
3, 5
Suppose 4*w - 4*u + u + 194 = 0, u + 252 = -5*w. Let i = 51 + w. What are the prime factors of (-40 - i)*(2 + 3 - 8)?
3, 41
Let k be (-3)/(-18)*2 - 47/(-3). Let r be (12/k)/(2/8) - -3. Suppose -113 = -r*j + 715. List the prime factors of j.
2, 3, 23
Let d = 15 - 10. Suppose 2*s = 3*k - 492 - 269, 1267 = d*k - 4*s. List the prime factors of k.
3, 5, 17
Let o be (-16)/(-2 - 28/(-16)). Suppose -2*b = 4*a + 3*b + 28, -4*a + 4*b = o. List the prime factors of (6/a)/((-1)/262 - 0).
131
Let n(v) = 692*v - 11722. What are the prime factors of n(113)?
2, 3, 1231
Let c(i) = 4*i**3 - 8*i**2 - 17*i + 26. Let k be c(5). Suppose -18*h + k = 7. List the prime factors of h.
13
Let y be 40/30*8382/8. Let q = 2000 - y. What are the prime factors of q?
3, 67
Let n = 33 - 31. Suppose 0 = n*c - 10, 2*c - 4*c = -v - 5. Suppose 0*z + 4*z = -4*w + 476, w + v*z - 107 = 0. List the prime factors of w.
2, 61
Let y be -350 + (3/(-21) - 22/(-7)). List the prime factors of (-23 - -22)/(1/y).
347
What are the prime factors of (-10785)/(0 - (-15 - -16))?
3, 5, 719
Let u be 136/51*3/(-2). What are the prime factors of -4 + ((-4790)/(-5) - u)?
2, 479
Let o = -8024 - -15191. List the prime factors of o.
3, 2389
Let t be (1*-35)/(12 + -11). Let r = 40 + t. Suppose 5*z - 13 = -5*u + 147, -r*z - 5 = 0. List the prime factors of u.
3, 11
Let d = 458 - 443. Suppose -d*f + 9*f = -4674. List the prime factors of f.
19, 41
What are the prime factors of 2/(4/(-434))*(-48 - 9/3)?
3, 7, 17, 31
Suppose -147*i = -149*i + 4. List the prime factors of -1 - i - (-1889 - 77/7).
7, 271
Let k = -120 + 119. Let b(o) = -144*o**3 - 2*o**2 - o - 1. List the prime factors of b(k).
2, 71
Suppose -5*x + 61*y = 59*y - 10513, 6309 = 3*x - y. What are the prime factors of x?
5, 421
Suppose 0 = -8*u + 3979 + 7493. What are the prime factors of u?
2, 3, 239
Suppose 46*l - 207676 = 171272. List the prime factors of l.
2, 3, 1373
Let p(l) = l**3 + 2*l**2 - 2*l + 13. Let m be p(-7). Let y = -198 - m. List the prime factors of y.
2, 5
Let s(n) = -n**2 + 103*n + 41790. List the prime factors of s(0).
2, 3, 5, 7, 199
Let u be (-1)/(-4 + (-42)/(-12)). Suppose 5840 = -0*b + 4*b - u*r, 3*r = -6. What are the prime factors of b?
1459
Let x be -837*(-8)/(4 + -2). Suppose -1310*c - x = -1316*c. List the prime factors of c.
2, 3, 31
Let i(w) = 11869*w - 123. What are the prime factors of i(1)?
2, 7, 839
Let u(v) = v**2 - 13*v - 85. Let g be u(-5). Suppose g*x = 683 + 992. What are the prime factors of x?
5, 67
Let u be (42/(-4))/(21/(-2296)). Let y = u - 807. What are the prime factors of y?
11, 31
Let s(u) = 552*u + 82. Let b be s(-11). What are the prime factors of ((-26)/(-65))/((-4)/b)?
599
Let k be 2428/5 + 10/25. Suppose -q = 4*d - 8, -5*d = 3*q - 7*q - 10. Suppose -4*h - d*y + k = 0, h - 144 = -2*y + 6*y. What are the prime factors of h?
2, 31
Let z = -20102 + 37635. List the prime factors of z.
89, 197
List the prime factors of (-237)/((-6)/(-18)*18/(-80)).
2, 5, 79
Let g(h) be the first derivative of 4*h**3/3 + 4*h**2 - 29*h + 41. Let i be g(5). Let f = i + -85. What are the prime factors of f?
2, 13
Suppose 15*u + 44912 = 269267. List the prime factors of u.
14957
Suppose -15*n + 0*n + 54172 = w, 4*w - 216978 = -2*n. What are the prime factors of w?
17, 3191
Let r be 428/18 + (-16)/(-72). Let z = 46 + -45. What are the prime factors of (r + -25)/(z/(-132))?
2, 3, 11
Let b be 2*(-4)/(5 - 7). Suppose b*r - 2661 = 463. List the prime factors of r.
11, 71
Let y be (-24)/(-9)*9/(-6). Let b be (-20)/(-40) - (-398)/y. What are the prime factors of (22/b - (-569)/9) + -2?
61
What are the prime factors of 3800/(-3)*((-459)/45 - -9)?
2, 5, 19
Let o be (-3)/((-3)/1)*535. Let t = 112 + o. What are the prime factors of t?
647
Suppose -5*u + 1373 = -12*d + 16*d, -3*d + 1025 = -u. Suppose -2*o = -d - 580. List the prime factors of o.
461
Let x(y) = -1559*y - 976. What are the prime factors of x(-8)?
2, 3, 479
Let a = 571 - 1160. Let y = 862 + a. List the prime factors of y.
3, 7, 13
Let v = 14429 - 8069. What are the prime factors of v?
2, 3, 5, 53
Suppose 184974 = -18*j + 648384. What are the prime factors of j?
5, 19, 271
Let m(y) be the first derivative of 3*y**2/2 + 21. Let i be m(7). Suppose 4*s - i = -5, -l + 127 = 3*s. List the prime factors of l.
5, 23
Let m = 222 + -153. Let a = 75 - m. What are the prime factors of (3 + 63)/(a/(-16)*-1)?
2, 11
Suppose -g + k = -0*g - 17, -5*k = -3*g + 41. Suppose -23*i + 164 = -g*i. What are the prime factors of (i/6)/((-4)/24)*-1?
2, 41
Let n(a) = a**2 - 16*a + 32. Let z be n(14). Suppose -5 = -3*b - z*t, 7*t = -2*b + 3*t - 2. Suppose b*w - 195 = 4*w. List the prime factors of w.
5, 13
Suppose 4*q - 33 = 4*k + 3, 4*q - 1 = -3*k. Suppose 19 = 4*i - h, 0 = -3*i + q*h + 7 + 4. Suppose 99 - 849 = -i*u. What are the prime factors of u?
2, 3, 5
Let f = -1509 - -1035. Let w = -244 - f. List the prime factors of w.
2, 5, 23
Suppose 0 = 3*s - 3*p - 69624, 0 = -9*s + 10*s + 3*p - 23232. List the prime factors of s.
2, 3, 53, 73
Let h be 13 + -4 + (-24)/(-4) - -2. Suppose 0 = -3*x + 3*v + 24, h = -4*v + 5. Suppose -10 = x*j, j - 18 = -o + 8. List the prime factors of o.
2, 7
Let j(b) = -6*b**2 - 17*b - 31. Let v be j(-16). List the prime factors of v/(-10) + (10/4 - 2).
2, 5, 13
Let m = 4008 - -2551. List the prime factors of m.
7, 937
Let x = -1855 - -7423. What are the prime factors of x?
2, 3, 29
Let d = -7564 - -13753. What are the prime factors of d?
3, 2063
Let k(r) = -8*r**3 + 16*r**2 - 2. Let f be k(5). Let i = -408 - f. List the prime factors of i.
2, 97
Let a(r) = -3386*r - 347. What are the prime factors of a(-6)?
19, 1051
Suppose -2*y + 46 - 18 = 0. Let s(f) = -2*f**3 + 27*f**2 + 14*f + 29. Let o be s(y). Suppose v + o = 95. What are the prime factors of v?
2, 3, 11
Let g = -77 - -80. Suppose 3*k - 10 = -2*i, -2*k - g*i - i + 20 = 0. Suppose 0 = 3*t - 6*p + 7*p - 336, 4*t - 2*p - 458 = k. List the prime factors of t.
113
Let f(s) be the third derivative of -s**4/4 + 89*s**3/3 - 11*s**2 + 2. What are the prime factors of f(-18)?
2, 11, 13
Suppose -3*f = -3*z - 21, -5*f - 1 = 3*z + z. Suppose -f*p - 16*p = -32889. What are the prime factors of p?
3, 577
Let k be (198/6)/((-3)/(-15) - 0). Suppose 82*a - 81*a = k. What are the prime factors of a?
3, 5, 11
Let n(y) = -124*y**3 + 2*y**2 + 11*y + 7. Let i(h) = -62*h**3 + h**2 + 6*h + 4. Let l(k) = 7*i(k) - 4*n(k). List the prime factors of l(2).
2, 61
Let m(u) = 3*u + 33. Let p be m(-10). Suppose 7*d - 9250 = -p*d. What are the prime factors of d?
5, 37
Let u(f) = -25 + f + 0*f + 46 - 31. Let g be u(13). Suppose 2*d + g*i - 381 = 0, -d = -5*d - 3*i + 759. What are the prime factors of d?
3, 7
Let d(w) = 3*w + 2. Let v be d(1). Let j be v/(-10)*(-2)/(-2)*0. Suppose -3*h + 763 = 5*a - 0*h, j = 3*a + 2*h - 457. What are the prime factors of a?
5, 31
Let j be (-56)/(-21) + -4 - 74/(-6). Suppose 12*x = j*x + 2*d + 528, -5*x + 2640 = 3*d. List the prime factors of x.
2, 3, 11
Let n(t) = -2*t - 20. Let v be n(-13). What are the prime factors of (0 + (-1378)/8)/(v/(-24))?
13, 53
Suppose -5*b = -z + 1122, b + 6*z - 4*z = -231. Suppose -5*h - 27 = 313. Let c = h - b. What are the prime factors of c?
157
Let t(a) be the third derivative of 0 + 0*a - 4*a**2 + 3/4*a**4 - 19/3*a**3. What are the prime factors of t(12)?
2, 89
Let b(h) = -1295*h + 2101. What are the prime factors of b(-23)?
2, 107, 149
Suppose -l + 112 = -376. Suppose 0 = -11*g + 6*g + 95. Suppose -g = 2*z + 2*m - 261, -2*m + l = 4*z. List the prime factors of z.
3, 41
Suppose a + 296 = -2*m - 3*a, 3*m - 2*a + 484 = 0. List the prime factors of ((-14)/(28/(-6)))/((-1)/m).
2, 3, 79
Let g = -2399 + 17061. What are the prime factors of g?
2, 7331
Suppose -88080 = -4*j + 2*x - 3*x, 66047 = 3*j + 4*x. List the prime